 u + 1. Is q(w) a prime number?
False
Suppose -12*m + 29670 + 13374 = 0. Is m prime?
False
Let w be -72*((-7)/2)/(-7). Let l = 35 + w. Is l*(-555 - 2/(-1)) a composite number?
True
Suppose 19*m = 6*m + 9854. Is m prime?
False
Let k = 52 - 16. Suppose 3*b - k = -0*b. Let x(l) = -l**3 + 12*l**2 + 18*l - 7. Is x(b) a prime number?
False
Let g be ((-9)/(-6))/(6/8) - 0. Suppose -4879 = -3*c - 3*x - x, -g*c + 3*x = -3230. Is c composite?
False
Let h = 21892 - -2895. Is h a prime number?
False
Let s = -695 + 1162. Suppose 0 = 74*z - 73*z - s. Is z a composite number?
False
Let i(u) = -u**3 - 4*u**2 + 3*u + 2. Let n be i(-5). Suppose 2*b = 4*m + 521 - 1583, 0 = 3*m - 4*b - 809. Let p = m - n. Is p prime?
True
Suppose -6*a - 7 - 5 = 0. Is (-4)/((-16)/756) - a a prime number?
True
Let m = -67 + 69. Suppose 15*z - 16679 = m*z. Is z prime?
True
Let p = 6435 - -3182. Is p a composite number?
True
Let u(t) = -t**3 + 5*t**2 - 3*t - 2. Suppose 3*n - 16 = -n. Let k be u(n). Suppose k*h = 292 - 38. Is h composite?
False
Let z be (-1)/(-3) - (-318)/18. Suppose w - 2*w = -z. Is 1851/w - 3/(-18) a prime number?
True
Is (-2)/((-10)/48815) - 0 a composite number?
True
Let n(x) = 1906*x**2 - 9*x - 2. Suppose -5*p - 55 = 4*l - l, 2*p + 22 = 5*l. Let o(v) = 953*v**2 - 5*v - 1. Let i(b) = p*o(b) + 6*n(b). Is i(1) composite?
False
Let k be (-6 + 0)/((-48)/32). Suppose -3*u - 4*x + 129 = -x, 2*x - 162 = -k*u. Is u composite?
True
Let l be 1527/12*5*44. Is 3*l/90 + 2/(-12) a prime number?
False
Suppose 0 = 5*r - 4*w - 3785, 9*r - 3*w = 4*r + 3790. Suppose -5*o + r + 9 = 0. Let p = 269 - o. Is p prime?
False
Let y(u) = u - 9. Let v be y(11). Is -524*2/(-16)*v prime?
True
Suppose -4*c = -5*n + 2 - 11, -2*c + 2*n = -4. Let t be -1 + c + (1 - 2). Let x(l) = 35*l**2 - 3*l - 1. Is x(t) a prime number?
True
Let w(f) = f + 9. Let y be w(-10). Let c(q) = -235*q + 2. Is c(y) prime?
False
Let n = -8 - 1. Let z be 1808/6*n/(-6). Suppose z = 3*s + s. Is s prime?
True
Suppose 444 = 4*q - 7*q. Is (q/(-6))/((-2)/(-9)) prime?
False
Let i(s) = s + 8. Let p be i(-8). Suppose 5*o + 1110 = 2*j, -4*o - 549 = -p*j - j. Is j a composite number?
True
Let y(s) be the first derivative of -40*s**2 + 9*s + 1. Is y(-4) prime?
False
Let d be (11 + -6)/(2/2). Suppose 2*a + 296 - 1312 = 0. Suppose -d*v + v = -a. Is v a composite number?
False
Let y be 6 + -1 + 1/(1/(-2)). Suppose 763 = o - 2*z, 0 = -y*o - z - z + 2313. Is o composite?
False
Let g(i) = -2*i**3 - i**2 + 3*i - 2. Suppose -f - 3*j = 2*j - 2, j - 6 = -3*f. Let c be g(f). Let q = 26 + c. Is q a prime number?
False
Let k(r) = -15 - 23*r + 32 - 2. Let f be k(-9). Suppose 0 = -5*x + 3*x + f. Is x a prime number?
False
Let l = -871 - -1290. Is l a composite number?
False
Let z(r) = -74*r**2 - 9*r - 7. Let a be z(-3). Let c = 1484 + a. Is c a composite number?
True
Suppose -2*h = -6 + 2. Suppose -4*j = -7 - 9. Suppose 9*f + 411 = j*x + 4*f, -h*x + 238 = 4*f. Is x composite?
False
Suppose y + 5*c - 4570 = 0, -21881 + 3526 = -4*y - 5*c. Is y a prime number?
False
Suppose -9*p + 5*p - 43 = -5*w, 0 = -4*p + 2*w - 46. Is (-3)/12 + (1887/p)/(-1) composite?
False
Let h(q) = 5*q**2 - 7. Let x(y) = -y - 13. Let r be x(14). Let p be (-126)/r + 2/6. Is h(p) prime?
False
Let g(x) = 415*x - 6. Let v be g(2). Let a = v + -211. Is a prime?
True
Let b = -118 - -106. Is -844*(39/b - -3) a composite number?
False
Let g = -1 + 5. Suppose -g*x + 9*x = 240. Let h = x - 26. Is h a composite number?
True
Let r(s) = -2*s - 20. Let j be r(-12). Let q be 3310/j + 18/12. Suppose 5*m - q = 3*a + 372, 4*m = 3*a + 962. Is m composite?
False
Suppose 20*d - 27*d + 20153 = 0. Is d prime?
True
Let k(w) = 9256*w**2 + 4*w - 7. Is k(3) prime?
False
Suppose -5*t = 9*t - 198002. Is t composite?
False
Let s(p) = -3*p**3 + p**2 - p. Let i be s(1). Let y(a) = -27*a**2 - 1. Let l be y(i). Let j = l + 435. Is j a prime number?
True
Suppose -3*k + n + 937 + 891 = 0, 4*k + 3*n - 2446 = 0. Suppose -3*f = -1259 - k. Suppose 0 = -0*g - g + f. Is g a prime number?
False
Let z(a) = -46*a**3 + 3*a**2 + 4*a + 3. Let n be z(-2). Suppose 2*v - 4*t - 385 = v, 2*t + n = v. Is v prime?
False
Suppose -k = 4*k + 2*s - 49137, -19662 = -2*k + s. Is k composite?
False
Suppose -170378 + 2429 = -9*s. Is s composite?
False
Let v = 36 + -21. Suppose f - 171 + v = 0. Let x = f + -107. Is x composite?
True
Let m(b) = -5*b**3 - 3*b**2 - b + 2. Let r(v) = -v + 4. Let a = -5 + 12. Let p be r(a). Is m(p) composite?
False
Suppose 390 = 5*w - 2*n - 350, 0 = 5*w - 3*n - 740. Suppose w = j - 5*j. Let o = 18 - j. Is o prime?
False
Let l(s) = 7*s**2. Let m be l(1). Suppose m*h - 1286 = 1052. Is h a prime number?
False
Let p be 4 - (2 - 3)*172. Let o = p + -49. Is o prime?
True
Is 104/(-832) + 44274/16 a composite number?
False
Let c = 118 + -7. Suppose u - c = 396. Let z = u - 172. Is z a prime number?
False
Let u = 7567 - -3822. Suppose -3273 + u = 4*g. Is g prime?
True
Let b(y) = -y + 49. Let h be b(0). Let p = h - 148. Let q = 304 + p. Is q a prime number?
False
Let r be (16/(-4))/((-8)/4). Suppose -6*l = -4*n - 3*l + 2518, -4*l - 1254 = -r*n. Is n composite?
False
Suppose 0 = -4*p - 180 + 3168. Suppose 14*l = 17*l - p. Is l a composite number?
True
Let t = 28 - 26. Suppose -5*n - 3*v - 3 = -3*n, -t*v - 12 = -2*n. Suppose -5*c + 8297 = -4*p, -c = n*p - 1173 - 475. Is c a prime number?
True
Let a = -3 - -15. Suppose -4*u + 14 = -70. Let n = u + a. Is n prime?
False
Let c(u) = 0 + 0 - 87*u + 0 - 1. Suppose 5*y - 8 = 3*o, -2*o + y - 9 = 1. Is c(o) a composite number?
False
Let q(o) = 328*o + 42. Let r be q(8). Suppose -c + 2674 = 5*h, r = -0*c + c - 3*h. Is c a composite number?
True
Let p = -700 + 1106. Let j = 93 + p. Is j composite?
False
Suppose 5*i = 5*f + 5, -2*i = -4*f + 2 + 4. Suppose -2*r + 3694 = -4*p, i*r + 2494 + 1165 = -4*p. Let x = 1294 + p. Is x a prime number?
True
Suppose -324 = 3*x - 7*x. Let j = x + 7. Let a = -35 + j. Is a composite?
False
Let j = 9 - 7. Suppose j*i - 5*i + 6 = 0. Suppose 2*g - 3*o = -0*g + 946, -i*g - 2*o = -966. Is g a prime number?
True
Suppose -2*s - 1 = i, -10 - 10 = -5*s + 2*i. Suppose 0 = s*u - 3*n - 499, 3*u + 2*u - 3*n = 1252. Is u a prime number?
True
Suppose -4*u + 3*u - x + 2360 = 0, 2*u - 4*x = 4702. Is u a prime number?
True
Let o(f) = -5*f - 2. Let x(c) = -c**3 - 6*c**2 - c - 7. Let h be x(-6). Let t be o(h). Suppose t*s + 0*s - 2040 = -3*g, 5*g - 5 = 0. Is s a prime number?
False
Let v(g) = -g**3 - 6*g**2 + g - 3. Let r be v(-5). Let y = 12 + r. Let q = 136 - y. Is q composite?
False
Suppose -3*h + 4*h - 2042 = -5*l, 2*h + 5*l - 4069 = 0. Suppose -5*t + h = 562. Is t a prime number?
True
Let c = -16 + 16. Suppose 3*h + 2*h + 4*v - 3153 = c, -5*h + 2*v = -3141. Is h a composite number?
True
Suppose 3*z = -5*v + 7*z - 246, 2*v = z - 96. Let o = v - -587. Is o prime?
True
Suppose 0 = 2*z - 5*n - 2536, 0 = 3*z - 7*z + 5*n + 5062. Let f = z + -824. Suppose 5*p + f - 1975 = -t, 5*p = -5*t + 1540. Is p a prime number?
True
Let d = 19480 + 8841. Is d a prime number?
False
Let p = -19408 + 44403. Is p a prime number?
False
Let r = 1 + 8. Let q(j) = -27*j + 5 - r*j - 4. Is q(-8) composite?
True
Suppose 2*s - 1 - 3 = 0. Suppose 3*h = s*l - l - 25, -3*l = -4*h - 55. Let r = 22 + l. Is r prime?
False
Is (-3)/(42/(-28637))*2 composite?
False
Suppose 0 = 2*s - 3*q + 1901, 10 = 2*q - 0*q. Let b = -500 - s. Is b composite?
False
Suppose 3*d + 2*l - 24 = 0, -d - l + 4 = l. Let k(n) = -n**2 + 7*n - 10. Let c be k(d). Is 4/6 + c/(-12) prime?
False
Let z(v) = -v - 6. Let d be z(-8). Suppose 0 = -2*m - d*m + 20. Suppose 0 = 4*x + 4*c + c - 1319, -m = 5*c. Is x a composite number?
False
Suppose 9*z + 399 + 96 = 0. Is (25982/z)/(2/(-5)) a prime number?
True
Is (3/(27/(-15747)))/((-1)/3) composite?
True
Let y be ((-150)/175)/(3*(-1)/14). Suppose -3*h + 34 + 87 = q, -627 = -5*q - y*h. Is q prime?
True
Let x = -674 - -1263. Let s = x - 290. Is s prime?
False
Suppose 3*a - 10 = a. Suppose -5*d + y + 7406 = 0, -a*d + y + 7403 = 3*y. Is d prime?
True
Let g = 10823 - -26660. Is g a prime number?
True
Let k(c) = 1511*c**2 + 2*c + 2. Let l be (((-16)/(-4))/4)/(-1). Is k(l) a prime number?
True
Let n be (-136)/6*(-30)/4. Let m = 22 - 19. Suppose -2*b - m*b = -n. Is b composite?
True
Suppose 18*h - 16*h 